= 0, -2*o - 33 = -3*n. Calculate the remainder when k is divided by n.
6
Suppose 5 = -m, 686 - 216 = 5*a + 5*m. What is the remainder when a is divided by 17?
14
Suppose 0*f = 4*x - 3*f - 41, -4*f + 34 = x. Let r(j) = 15*j**2 + 2*j - 1. What is the remainder when r(-2) is divided by x?
13
Let i(l) = l + 3. What is the remainder when i(0) is divided by ((-3)/(-1))/((-6)/(-4))?
1
Let z(a) = a**2 + 6*a + 4. Let x be z(-6). Suppose -125 - 23 = -x*y. Suppose 12 = -3*n + 51. Calculate the remainder when y is divided by n.
11
Suppose -t + 7 = -13. Let o(m) = -m**3 - 4*m**2 + 5*m - 4. Calculate the remainder when o(-6) is divided by t.
18
Suppose 1 - 6 = x + 2*c, 10 = -2*c. Suppose l + x*q = 4*l - 57, -4*q + 44 = 4*l. Calculate the remainder when 27 is divided by l.
13
Let d(h) = 12*h. Let v be d(4). Suppose -3*p + v = 5*n - 46, 0 = 5*n - 2*p - 79. What is the remainder when 66 is divided by n?
15
Let r be 1/(-3 + 4) + 2. Suppose r*f = f + 14. Calculate the remainder when f is divided by 4.
3
Let r = 5 + -3. Suppose 4*q - 2 = 14. Suppose 3*v - v = q. What is the remainder when v is divided by r?
0
Let m = 30 + -20. What is the remainder when 38 is divided by m?
8
Suppose -3*i - 26 - 34 = 0. Suppose -4*j + 312 = 104. Calculate the remainder when j is divided by 0/2 + (-2 - i).
16
Let z = 29 + -4. What is the remainder when 49 is divided by z?
24
Suppose 6*m = 7*m - 18. What is the remainder when 32 is divided by m?
14
Calculate the remainder when 8 is divided by (-44)/(-9) + 2/18.
3
Suppose -5*u - 5*t + 4311 = -6*t, 0 = 2*u - 5*t - 1729. Suppose 5*d = 118 + u. Suppose -3*q = q - d. What is the remainder when q is divided by 13?
10
Let b(n) = -18*n + 7. Let p be b(5). Let t = p - -117. Calculate the remainder when t is divided by 12.
10
Let a(k) be the second derivative of -k**3/6 + 29*k**2/2 - k. What is the remainder when a(0) is divided by -20*(-3)/6 - 2?
5
Let n(o) = o**3 - 13*o**2 + 8*o - 8. Let w(b) = b**3 - 12*b**2 + 8*b - 8. Let p(i) = -5*n(i) + 6*w(i). What is the remainder when 5 is divided by p(6)?
1
Let q(x) = -x**3 + 6*x + 5*x**3 - 6*x**2 - 5*x**3 - 12*x. Calculate the remainder when q(-6) is divided by 13.
10
Suppose 5*v + 72 = 8*v. What is the remainder when v is divided by 13?
11
Let m(a) = 50*a**3 + a**2 + 4*a - 5. What is the remainder when m(1) is divided by 26?
24
Suppose -4*o = -6*o - 2*c, -2*o + 25 = -3*c. Suppose 3*t + t = -5*a - 12, -2*t = -o*a - 24. Calculate the remainder when 6 is divided by t.
0
Suppose 4*l = -5*j + 820, j - 4*l + 4 - 192 = 0. Suppose -3*b - 30 = -j. Suppose -2*a + b = -0. What is the remainder when a is divided by 12?
11
Let j(n) = -n. Let z(u) = -u**2 + 10*u + 1. Let i(p) = -22*j(p) - 2*z(p). Calculate the remainder when 28 is divided by i(-3).
8
Suppose -7*l + 124 = -3*l. Suppose -8 + 62 = 4*c - 5*j, -5*j = -5*c + 65. Calculate the remainder when l is divided by c.
9
Calculate the remainder when 60/(-4)*(-18)/10 is divided by 10.
7
Let i(j) = j**2 + 10*j + 12. Let q(u) = 2*u + 7. Let w be q(-8). Let b(l) = 4*l**3 + l - 1. What is the remainder when b(1) is divided by i(w)?
1
Calculate the remainder when 50 is divided by 27/(-45) + (-176)/(-10).
16
Let a = 11 - 10. What is the remainder when 1 is divided by a?
0
Let n = -44 + 63. Let c(z) = 11*z. Suppose 4*g - 24 = 5*t, 0*g + 3*t = -4*g - 8. What is the remainder when n is divided by c(g)?
8
What is the remainder when (7/14)/((-2)/(-52)) is divided by 8?
5
Suppose -j - 20 + 4 = -5*m, j = m. Let i = m - 3. Calculate the remainder when i is divided by 1.
0
Suppose -4*l + 189 = -19. What is the remainder when l is divided by (8/6)/(2/27)?
16
Let c = 26 - 16. Calculate the remainder when 9 is divided by 4/c + 18/5.
1
Let u be -5 - -2 - (-3 + -12). Let j be (-774)/u*(-4)/3. Suppose j = 2*d - 0*d. What is the remainder when d is divided by 15?
13
Suppose 4*x - 13 = -17. Suppose 4*s = 5*p + 43, -p + 35 + 21 = 3*s. Calculate the remainder when (-28)/x*7/4 is divided by s.
15
Suppose -2*j + 28 = 2*f - 0*f, 2*j - 5*f = 21. Suppose 4*y = -2*x - 62, y + x = 5*y + 59. Let t = 9 - y. What is the remainder when t is divided by j?
11
Suppose 4*d - 12 = 20. Let m = 3 - -19. Calculate the remainder when m is divided by d.
6
Let l(m) = 35*m + 4. What is the remainder when l(3) is divided by 16?
13
Let h = -115 - -213. Calculate the remainder when h is divided by 25.
23
Let a be -11 + -1 - (5 + -4). Let q = 21 + a. What is the remainder when 15 is divided by q?
7
Suppose 54*w + 55 = 55*w. Calculate the remainder when w is divided by 2/(-5) - 216/(-15).
13
Suppose -13*k + 38 = -12*k. Calculate the remainder when k is divided by 12.
2
Let g(m) = m**3 - 9*m**2 + 5*m + 5. Calculate the remainder when g(9) is divided by 13.
11
Let i(t) = -2*t**2 - t**3 + 5*t**2 + 9*t + 3*t**2 - 2*t + 2. Suppose -4 - 16 = -4*r. What is the remainder when r is divided by i(7)?
1
Suppose 5*w - 4 = 3*o, -o = -4*o - 3*w + 12. Suppose -b + o*b = 2. What is the remainder when b is divided by 1?
0
Let j = 87 - 49. What is the remainder when j is divided by 12?
2
Let d = -1 + 6. Suppose -4*i - d*h + 3 = -4*h, 4*i = h - 3. Suppose i = 5*a - 38 - 17. What is the remainder when 19 is divided by a?
8
Let m be 10 - (5 + 3 + -6). Suppose -4*q + m*q = 76. Let i = -53 - -108. What is the remainder when i is divided by q?
17
Let u(p) = p**2 - 3*p + 2. What is the remainder when 10 is divided by u(4)?
4
Suppose -a - 3*a + 36 = 0. Let n = a + -4. Calculate the remainder when (-4)/(-10) + 63/5 is divided by n.
3
Let f = 12 - 7. What is the remainder when 19 is divided by f?
4
Let j(z) = -z**2 - 6*z + 3. Suppose 0 = -0*t - 2*t + 3*x - 12, 2*t + 12 = -x. Calculate the remainder when 5 is divided by j(t).
2
Let i = 24 + -14. Suppose 5*f - 30 = -i. Let a(o) = -o**2 + 5*o + 6. Calculate the remainder when a(5) is divided by f.
2
Suppose -13*v + 17*v - 1068 = 0. Calculate the remainder when v is divided by 54.
51
Let y = 3 - 0. Suppose -4*b - 19 = -c, -31 - 11 = -3*c - y*b. Let w = 98 + -69. What is the remainder when w is divided by c?
14
Let l(u) = -u**2 - 2*u. Let n be l(-1). Let t(o) = 40*o. Let m be t(n). Suppose -4*j - j = -m. Calculate the remainder when 22 is divided by j.
6
Calculate the remainder when (4/6)/(5/780) is divided by 35.
34
Let i be (3 - 1) + 0 + 185. Let f = -107 + i. Suppose y + f = 5*a, 0*a + 2*a + 2*y - 32 = 0. What is the remainder when 47 is divided by a?
15
Let b(x) = -7*x + 109. Suppose 4*j + 5*h - 56 = 3*h, 2*j = -5*h + 28. What is the remainder when b(8) is divided by j?
11
Suppose -4*v + 3*c = -v - 192, -v - c = -54. What is the remainder when v is divided by 15?
14
Let m(w) = -6*w - 2. Calculate the remainder when m(-3) is divided by 6.
4
Let s = 51 - 24. Calculate the remainder when 106 is divided by s.
25
Let k = 24 - 39. Let y be (0 - (-9)/6)*4. What is the remainder when y/k - 374/(-10) is divided by 13?
11
Suppose 25 + 11 = 3*y. Suppose -k - 5*q = -31, 0*q + 4*q + 58 = k. What is the remainder when k is divided by y?
10
Let x = -4 + 30. Calculate the remainder when 4/(-2 + 56/x) is divided by 7.
5
Let q(p) = p + 1. Let a be q(2). What is the remainder when 19 is divided by (-2)/a + (-51)/(-9)?
4
Suppose 2*a = -4, 3*t = -2*t - a - 2. Suppose -32 = -2*u - t*u. What is the remainder when u is divided by 6?
4
Suppose -o + 50 = 2*j + 10, -o - 5*j + 34 = 0. Suppose 6*u - 2*u = 4*i - o, -2*i = 2*u - 34. Calculate the remainder when i is divided by 4.
2
Let r(n) = n**2 + n - 10. What is the remainder when r(7) is divided by 16?
14
Let z(d) = 17*d**2 - 2*d - 6. Calculate the remainder when 262 is divided by z(-2).
64
Let i(s) = -s + 7. Suppose 2*t = 5*t - 69. Calculate the remainder when t is divided by i(-6).
10
Suppose 27 = 6*x - x + l, -2*x + 5*l = -27. What is the remainder when x is divided by 2?
0
Suppose 20 = 2*i - 74. Let y = i + -14. Calculate the remainder when 96 is divided by y.
30
Suppose -2*h = -2*m + 8, 5*m - 1 = -h + 1. Suppose -2 = -3*d + m. What is the remainder when d is divided by 1?
0
Let h(o) = -o**2 + 12*o - 7. Let r be h(11). Suppose 2*v - 148 = -2*v. Calculate the remainder when v is divided by 75/(-6)*r/(-5).
7
Let z(f) = -f**3 - f**2 - 26. Let l be z(0). Let w = 43 + l. What is the remainder when w is divided by 9?
8
Suppose 82 = 7*t - 23. Suppose h - 41 = -0*h. W